actors of 5155.
5, 1031
What are the prime factors of 1497?
3, 499
List the prime factors of 100353.
3, 11, 3041
List the prime factors of 23994.
2, 3, 31, 43
What are the prime factors of 1322?
2, 661
List the prime factors of 543.
3, 181
What are the prime factors of 8096?
2, 11, 23
List the prime factors of 5925.
3, 5, 79
What are the prime factors of 1261?
13, 97
List the prime factors of 301.
7, 43
List the prime factors of 11739.
3, 7, 13, 43
What are the prime factors of 8208?
2, 3, 19
List the prime factors of 2432.
2, 19
What are the prime factors of 25262?
2, 17, 743
List the prime factors of 63560.
2, 5, 7, 227
What are the prime factors of 20727?
3, 7, 47
List the prime factors of 2756.
2, 13, 53
What are the prime factors of 14502?
2, 3, 2417
List the prime factors of 5815.
5, 1163
List the prime factors of 18288.
2, 3, 127
What are the prime factors of 3232?
2, 101
What are the prime factors of 81260?
2, 5, 17, 239
List the prime factors of 1916.
2, 479
List the prime factors of 7925.
5, 317
List the prime factors of 101945.
5, 20389
List the prime factors of 2397.
3, 17, 47
List the prime factors of 952.
2, 7, 17
List the prime factors of 15783.
3, 5261
What are the prime factors of 174?
2, 3, 29
What are the prime factors of 13741?
7, 13, 151
What are the prime factors of 3871?
7, 79
List the prime factors of 1668.
2, 3, 139
What are the prime factors of 57961?
149, 389
List the prime factors of 1922.
2, 31
List the prime factors of 668.
2, 167
List the prime factors of 6799.
13, 523
What are the prime factors of 2768?
2, 173
What are the prime factors of 609?
3, 7, 29
List the prime factors of 200.
2, 5
What are the prime factors of 1793?
11, 163
List the prime factors of 46.
2, 23
List the prime factors of 1737.
3, 193
What are the prime factors of 169167?
3, 17, 31, 107
List the prime factors of 4887.
3, 181
List the prime factors of 82385.
5, 16477
List the prime factors of 20332.
2, 13, 17, 23
What are the prime factors of 10154?
2, 5077
What are the prime factors of 5630?
2, 5, 563
What are the prime factors of 9361?
11, 23, 37
List the prime factors of 2405.
5, 13, 37
What are the prime factors of 46838?
2, 11, 2129
List the prime factors of 8410.
2, 5, 29
List the prime factors of 8316.
2, 3, 7, 11
What are the prime factors of 3261?
3, 1087
What are the prime factors of 15226?
2, 23, 331
What are the prime factors of 286?
2, 11, 13
List the prime factors of 5229.
3, 7, 83
What are the prime factors of 1959?
3, 653
List the prime factors of 116.
2, 29
List the prime factors of 19571.
19571
List the prime factors of 96.
2, 3
What are the prime factors of 3480?
2, 3, 5, 29
List the prime factors of 33.
3, 11
List the prime factors of 731.
17, 43
List the prime factors of 254.
2, 127
What are the prime factors of 2960?
2, 5, 37
List the prime factors of 6678.
2, 3, 7, 53
List the prime factors of 2092.
2, 523
What are the prime factors of 5340?
2, 3, 5, 89
List the prime factors of 544.
2, 17
List the prime factors of 8731.
8731
What are the prime factors of 10109?
11, 919
List the prime factors of 37982.
2, 7, 2713
What are the prime factors of 8788?
2, 13
List the prime factors of 1224.
2, 3, 17
List the prime factors of 62341.
31, 2011
What are the prime factors of 8743?
7, 1249
List the prime factors of 15732.
2, 3, 19, 23
List the prime factors of 4656.
2, 3, 97
List the prime factors of 6069.
3, 7, 17
What are the prime factors of 4352?
2, 17
What are the prime factors of 6398?
2, 7, 457
What are the prime factors of 2597?
7, 53
What are the prime factors of 31512?
2, 3, 13, 101
List the prime factors of 34170.
2, 3, 5, 17, 67
What are the prime factors of 1393?
7, 199
List the prime factors of 5978.
2, 7, 61
List the prime factors of 104.
2, 13
List the prime factors of 29977.
31, 967
What are the prime factors of 1508?
2, 13, 29
List the prime factors of 31596.
2, 3, 2633
What are the prime factors of 1633?
23, 71
What are the prime factors of 9616?
2, 601
What are the prime factors of 1400?
2, 5, 7
What are the prime factors of 4869?
3, 541
What are the prime factors of 2978?
2, 1489
What are the prime factors of 587?
587
What are the prime factors of 18081?
3, 7, 41
What are the prime factors of 30442?
2, 31, 491
What are the prime factors of 3067?
3067
What are the prime factors of 5006?
2, 2503
What are the prime factors of 1004?
2, 251
What are the prime factors of 29105?
5, 5821
List the prime factors of 2706.
2, 3, 11, 41
List the prime factors of 100031.
67, 1493
What are the prime factors of 44785?
5, 13, 53
List the prime factors of 1407.
3, 7, 67
List the prime factors of 1034.
2, 11, 47
List the prime factors of 15587.
11, 13, 109
What are the prime factors of 20262?
2, 3, 11, 307
List the prime factors of 36405.
3, 5, 809
What are the prime factors of 112369?
37, 3037
What are the prime factors of 5144?
2, 643
List the prime factors of 1057.
7, 151
What are the prime factors of 2636?
2, 659
List the prime factors of 2445.
3, 5, 163
What are the prime factors of 770?
2, 5, 7, 11
What are the prime factors of 13907?
13907
List the prime factors of 43804.
2, 47, 233
List the prime factors of 14908.
2, 3727
What are the prime factors of 2915?
5, 11, 53
What are the prime factors of 5598?
2, 3, 311
What are the prime factors of 447?
3, 149
What are the prime factors of 62679?
3, 17, 1229
List the prime factors of 75645.
3, 5, 41
List the prime factors of 967.
967
List the prime factors of 5782.
2, 7, 59
List the prime factors of 5024.
2, 157
List the prime factors of 1387.
19, 73
What are the prime factors of 63207?
3, 2341
List the prime factors of 1982.
2, 991
What are the prime factors of 475?
5, 19
List the prime factors of 1301.
1301
What are the prime factors of 1950?
2, 3, 5, 13
What are the prime factors of 1404?
2, 3, 13
List the prime factors of 40715.
5, 17, 479
List the prime factors of 29334.
2, 3, 4889
List the prime factors of 9058.
2, 7, 647
List the prime factors of 1843.
19, 97
What are the prime factors of 1294?
2, 647
What are the prime factors of 187175?
5, 7487
List the prime factors of 98470.
2, 5, 43, 229
List the prime factors of 8665.
5, 1733
What are the prime factors of 1002?
2, 3, 167
What are the prime factors of 96?
2, 3
List the prime factors of 14024.
2, 1753
What are the prime factors of 35587?
19, 1873
List the prime factors of 2101.
11, 191
What are the prime factors of 4048?
2, 11, 23
List the prime factors of 23694.
2, 3, 11, 359
List the prime factors of 8668.
2, 11, 197
List the prime factors of 4953.
3, 13, 127
What are the prime factors of 18371?
18371
What are the prime factors of 2176?
2, 17
List the prime factors of 9026.
2, 4513
List the prime factors of 781.
11, 71
List the prime factors of 39851.
7, 5693
List the prime factors of 130566.
2, 3, 47, 463
What are the prime factors of 110094?
2, 3, 59, 311
What are the prime factors of 509?
509
What are the prime factors of 615?
3, 5, 41
What are the prime factors of 557?
557
What are the prime factors of 5001?
3, 1667
List the prime factors of 16343.
59, 277
List the prime factors of 24009.
3, 53, 151
List the prime factors of 31931.
37, 863
What are the prime factors of 10104?
2, 3, 421
List the prime factors of 1194.
2, 3, 199
List the prime factors of 9202.
2, 43, 107
List the prime factors of 7680.
2, 3, 5
List the prime factors of 27036.
2, 3, 751
List the prime factors of 8957.
13, 53
What are the prime factors of 705?
3, 5, 47
What are the prime factors of 17557?
97, 181
What are the prime factors of 10345?
5, 2069
List the prime factors of 3370.
2, 5, 337
What are the prime factors of 5094?
2, 3, 283
List the prime factors of 1550.
2, 5, 31
What are the prime factors of 1261?
13, 97
What are the prime factors of 2352?
2, 3, 7
What are the prime factors of 5092?
2, 19, 67
List the prime factors of 2879.
2879
List the prime factors of 381.
3, 127
What are the prime factors of 23107?
7, 3301
List the prime factors of 28764.
2, 3, 17, 47
List the prime factors of 905.
5, 181
List the prime factors of 609.
3, 7, 29
What are the prime factors of 1339?
13, 103
List the prime factors of 27305.
5, 43, 127
List the prime factors of 3286.
2, 31, 53
List the prime factors of 5648.
2, 353
What are the prime facto